greatest common factor of k and o?
11
Suppose -4*d = -d. Suppose -10 = -3*z - h, -1 = 2*z + h - 7. Suppose d = -z*k, -2*k - 13 = -5*a + 347. What is the greatest common divisor of a and 9?
9
Let r(d) = 6*d**2 - 1. Let z be -1 - (-1)/((-2)/(-4)). Suppose 0*y + z = y. Let t be r(y). Calculate the highest common factor of 15 and t.
5
Let r = 16 + -8. Calculate the greatest common factor of r and 64.
8
Suppose 0*x - 2*x = 2*j - 16, 20 = 2*x - 2*j. Let r = x - 5. Suppose -221 = -r*a - 45. What is the greatest common factor of a and 11?
11
Let s(v) = v**2 + 2*v - 4. Let y be s(-5). Suppose -2*n - y = 11. Let a = n - -25. Calculate the highest common factor of a and 35.
7
Let h(l) = 16*l - 17. Let z be h(14). What is the greatest common divisor of 23 and z?
23
Suppose -3*n = -21 - 45. What is the highest common factor of 176 and n?
22
Let b = 13 - 4. Suppose -2*d + 10 = 3*m, -m + b - 1 = 3*d. Calculate the highest common factor of 5 and d.
1
Let m be (-712)/(-12) + (0 - 4/(-6)). Calculate the greatest common factor of m and 20.
20
Let z(t) = t**3 + 3*t**2 - 4*t**2 - 3*t + 4*t. Let j be z(2). Calculate the highest common factor of 18 and j.
6
Let t = -13 - -22. Calculate the greatest common factor of t and 63.
9
Suppose -c + 9 = -x - 2, -4*c - x + 69 = 0. Suppose -5*a + 3*d - 2*d + 122 = 0, 4*d = -5*a + 112. What is the greatest common factor of c and a?
8
Let t be (-18)/(-3)*(3 - (-4 + 6)). What is the highest common factor of t and 4?
2
Let s be 14/(2 - (2 + -1)). Let a(y) = y**3 - 11*y**2 + 11*y + 4. Let x be a(10). What is the highest common factor of s and x?
14
Let y = 112 + -67. Let b = 14 - -4. Calculate the greatest common divisor of y and b.
9
Let y be 2 + -1 + -1 - -32. Calculate the greatest common divisor of y and 8.
8
Suppose 0 = -6*k + k + 480. What is the greatest common factor of k and 64?
32
Let c(v) = 9*v**2. Let z be (3 + 0 + -2)*1. Let k be c(z). What is the highest common divisor of k and 18?
9
Let b be (2*2)/(-4 - -5). Suppose -b*i + 48 = -i. Let d be 24 - (0 + -1) - 1. Calculate the highest common divisor of i and d.
8
Suppose -4*x - 38 = -w - 9, -41 = 4*x + 3*w. Let y be (102/15)/(x/(-20)). Calculate the greatest common divisor of 17 and y.
17
Let h(r) = 76*r**3 + 2*r**2 - r. Let y be h(1). What is the highest common divisor of y and 7?
7
Let y(c) = 2*c**2 - 4*c - 4. Let a be y(4). Suppose 0 = -5*v + 2 - a. Let o be ((-1)/1)/(v/4). Calculate the highest common factor of o and 8.
2
Suppose -4*i + 73 = 3*d, 3*d = 8*d + 5*i - 115. What is the highest common factor of 171 and d?
19
Suppose 5*c + 4 = 9, 5*w + 4*c = 74. Suppose 171 = 5*s + 5*o - o, -4*o = 3*s - 101. What is the highest common divisor of s and w?
7
Let c be (-52)/6 + (-2)/6. Let m(q) = -3*q - 6*q + 10 - q**2 + 2. Let n be m(c). Calculate the highest common factor of 132 and n.
12
Let i(w) = -23*w - 1. Let u be i(-1). Let l(c) = 2*c**3 - 4*c**2 - 4*c - 4. Let p be l(4). What is the greatest common factor of u and p?
22
Let u = -43 - -9. Let y = 55 + u. What is the highest common factor of y and 147?
21
Let y be ((-20)/(-20))/((-1)/(-52)). Calculate the highest common divisor of y and 130.
26
Let o = -9 - -12. Suppose -24 - o = 3*k. Let g be (4 - -18)*(-2 - k). Calculate the highest common divisor of g and 22.
22
Let m be 1*88 - -2 - 3. What is the highest common factor of 58 and m?
29
Let h(f) = 5*f - 1. Let c be h(3). Suppose -5*y + 0 = -105. Calculate the highest common factor of y and c.
7
Let a = 1 - 0. Let l be 1*(0 - a) - -3. Suppose -6*q = -l*q - 40. What is the highest common divisor of 10 and q?
10
Let g(o) = -2*o + 32. Let h be g(-8). What is the greatest common factor of h and 32?
16
Let b(d) = d**2 + 30. Let f be b(0). Suppose -2 - 1 = -y. Suppose -11 = y*h - 5*m, 3*m + 11 = 5*h + 2*m. Calculate the highest common divisor of h and f.
3
Let o be (2 + -1 + -66)*(-108)/45. Calculate the highest common divisor of o and 13.
13
Let f be 69/9 - 1/(-3). Suppose 4*r + 6 = 4*b - 3*b, 0 = 4*b + 3*r + 33. Let k be 18/27*b/(-4). Calculate the highest common divisor of k and f.
1
Let w be (75/(-10))/((-6)/8). Suppose 170 + w = -4*s. Let l = s - -153. What is the highest common factor of l and 12?
12
Suppose 0 = -3*d + 2*d + 2. Calculate the greatest common factor of 3 and d.
1
Suppose 2 = g + 4. Let r = g - -9. Calculate the greatest common divisor of 77 and r.
7
Suppose -6*m = -4*m. Suppose -r + m*r - 35 = -2*f, 2*r + 10 = f. Calculate the greatest common divisor of 20 and f.
20
Let b(k) = 2*k**2 - 2*k - 3. Let r be b(6). What is the greatest common factor of r and 38?
19
Let c be (-4*1)/(-2) - -1. Let f(l) = l**2 - 1. Let g be f(c). Let w be (21 + -6)/(2/g). Calculate the greatest common factor of w and 10.
10
Let y(a) = a + 12. Let i be y(-9). Suppose 5*g + 12 = 17. Calculate the greatest common divisor of i and g.
1
Let x = 22 - -8. Suppose -l + 4*q = 4 - 6, -4*l + 4*q = -20. What is the highest common divisor of l and x?
6
Let t(x) = 46*x - 4. Let y be t(4). What is the highest common divisor of y and 20?
20
Suppose 17*l - 3*l = 112. Let q = 1 - -1. What is the highest common factor of l and q?
2
Let d = 9 + -6. Suppose 2*l - d*l = 4*q - 49, 5*q = 3*l - 79. Suppose 2*y = -5*p + l, -4*y + 0*p + 53 = -3*p. What is the highest common factor of 126 and y?
14
Let v be (-6)/4*(-4)/(-6). Let b be (v - -3) + 13 + -1. Suppose -f + 7 = 3, 2*q = 5*f - b. Calculate the greatest common factor of q and 27.
3
Let b(l) = l**2 - 13*l + 32. Let v be b(13). Calculate the highest common factor of 16 and v.
16
Let j = 12 - 10. What is the greatest common divisor of 10 and j?
2
Suppose 62*i = 65*i - 9. Calculate the greatest common divisor of 3 and i.
3
Let p = -3 - -4. Let w = p - 1. Let o = 2 + w. What is the greatest common divisor of 5 and o?
1
Let a = 5 + 0. Suppose k + o - 5 = 1, -3*o + 15 = 0. Calculate the greatest common factor of k and a.
1
Let d be (-2)/(0 + -2)*-9. Let h be (-39)/d + (-4)/(-6). Suppose 48 = 2*r + 3*r + 3*x, 5*x = h*r - 40. What is the highest common divisor of 45 and r?
9
Let k = -120 + 180. Let u = -48 - -68. What is the greatest common divisor of k and u?
20
Let q = 21 + 159. What is the greatest common factor of q and 20?
20
Suppose -4*t = -38 - 14. Suppose -t = 3*g - 43. Calculate the greatest common factor of 80 and g.
10
Suppose 5*w + 2*d = 98, 25 = -4*w + 5*d + 77. Calculate the highest common divisor of 36 and w.
18
Let y be 11 + (0 - 0) - 0. Let h(t) = -1 + 1 + y*t - 2. Let o be h(2). Calculate the highest common factor of o and 5.
5
Let w be 66 + -1 + 1 + 0. Let g = 3 - -1. Suppose 0 = g*h - 18 - 6. What is the highest common factor of h and w?
6
Let o be ((-6)/(-54)*-3)/((-1)/30). Calculate the greatest common divisor of 110 and o.
10
Suppose -24 = -6*y + 5*y. Let w = -4 + y. Let c(v) = -v + 1. Let r be c(-4). Calculate the greatest common factor of r and w.
5
Let w be 104/(-18) + (-2)/9. Let h = w + 16. Let m be -5*((-64)/h + 2). What is the greatest common divisor of m and 11?
11
Suppose 5*t = 9*t - 72. What is the greatest common divisor of t and 12?
6
Let r(g) = -80*g**2 - 1. Let z(v) = -v**2. Let d(w) = -r(w) - 4*z(w). Let j be d(1). Calculate the greatest common divisor of j and 17.
17
Suppose 2*x - p - 528 = p, -4*x = 4*p - 1032. What is the highest common factor of x and 29?
29
Suppose -5*n = 2*a - 64, 2*a + 14 = 3*a - 2*n. What is the highest common factor of a and 286?
22
Suppose 4*j + 2*f - f = 448, 336 = 3*j - 2*f. Let o be ((-16)/6 + 8)*1*3. Calculate the greatest common factor of j and o.
16
Let s be 950/4 + 1/2. Let h(k) = 6*k**2 - 7*k + 1. Let v be h(3). What is the greatest common factor of s and v?
34
Let b = 0 - -7. What is the greatest common factor of b and 49?
7
Let h(r) = -4*r + 35. Let j be h(7). Calculate the greatest common factor of 7 and j.
7
Suppose -g - 6 = -2*d, d + g = -2 + 11. Let k = -3 + 6. Suppose -k = -h - 2. What is the greatest common factor of d and h?
1
Suppose 38 = 2*i - 138. Calculate the highest common divisor of i and 16.
8
Suppose -3*u - 410 = -u. Let m = 331 + u. Let c be (3 - 0)/((-3)/(-14)). What is the greatest common factor of c and m?
14
Let w(m) = 2*m - 5. Let q be w(10). Calculate the highest common factor of q and 165.
15
Let l = -209 + -607. Let z be l/(-15) + 6/(-15). Calculate the high